1102.
38
Let q = 51 + -38. Let m(x) = -3*x + 6. Let n be m(q). Let d be (n/6)/(0 - (-1)/(-2)). Calculate the greatest common divisor of 121 and d.
11
Suppose q + 0*q = 3. Suppose 5*v = -4*a + 28, -3*v - 4*a = -0*a - 20. Let d be 2*(74/v + -2). What is the highest common divisor of d and q?
3
Let s be 7/21 + 693/27. Suppose 17*d + 10 = 22*d. Suppose f - d*f = -p - 238, 2*f = p + 472. Calculate the highest common divisor of f and s.
26
Suppose 4*q + 3*g - 221 = 73, -q = 2*g - 81. Calculate the greatest common factor of q and 8.
1
Suppose -x + 4 = b, 0*x - 3*x = 4*b - 9. Let p = 345 - 626. Let k = p - -302. What is the greatest common divisor of k and x?
7
Let t(k) = k**3 - 22*k**2 + 21*k - 25. Let j be t(22). What is the highest common divisor of 19 and j?
19
Let z(r) = r**2 - 7*r + 4. Let q be z(-1). What is the highest common divisor of q and 6156?
12
Suppose 51*h - 103*h = -312. Suppose -3*w + 4*w - 12 = 0. What is the highest common divisor of h and w?
6
Suppose 85 = a + c, -4*a = -8*a - c + 325. Calculate the greatest common factor of 1592 and a.
8
Let j = -19 - -102. Suppose 79*g + 144 = j*g. Let d be 2/7 + 628/7. What is the greatest common divisor of d and g?
18
Suppose -683 = -27*g + 451. Let m = 37 + -6. Let z = -17 + m. Calculate the greatest common divisor of g and z.
14
Suppose h + 5*v + 0 - 124 = 0, -4*h + 2*v + 496 = 0. Let n be (h/6)/(2/6). What is the greatest common divisor of 496 and n?
62
Let g = 28895 + -28678. Calculate the greatest common divisor of 868 and g.
217
Let f = 14 - -30. Let b be (847/f)/((-1)/(-20)). Let v be 12/10*b/14. Calculate the greatest common factor of 11 and v.
11
Suppose -3*z + 2*n + 316 = -230, 5*n + 905 = 5*z. Let i = -7 + z. Calculate the highest common factor of i and 59.
59
Let d = -62 + 182. Let u = -19 + 22. Suppose 0 = 3*a - 5*j - 45, 17 - 77 = -4*a + u*j. Calculate the highest common factor of a and d.
15
Suppose -208908 + 23516 = -167*z + 266510. What is the highest common divisor of z and 11?
11
Let x(m) = 2*m**3 + 154*m**2 - 8*m. Let z be x(-76). Calculate the highest common factor of z and 80.
80
Let f = 123 - 25. Suppose -5*g - f = 107. Let r = g - -59. What is the greatest common divisor of 6 and r?
6
Let n = 191 + -176. Suppose -n*j + 90 = -10*j. What is the highest common divisor of 6 and j?
6
Suppose -36*q - 25512 + 53121 = -192063. What is the greatest common factor of q and 108?
54
Let c be 1/(((-28)/(-8))/(-7)). Let d be 42/35*(1/(-3) - c). Calculate the greatest common divisor of d and 6.
2
Let n be -1 - 10 - (-10275)/411. What is the greatest common divisor of n and 54586?
14
Let p = -50 - -73. Let u = -263658 - -264325. What is the greatest common factor of p and u?
23
Let v be (19770/(-25))/(-6) + (-1)/(-5). Suppose -2*k + 63 + 67 = 2*p, -2*p + v = 4*k. Let r = p - 54. Calculate the highest common divisor of 10 and r.
10
Let s = -357 + -173. Let r = s - -572. Calculate the highest common divisor of 14 and r.
14
Let v be 45/(-20)*-1 - (-1)/(-4). Suppose 4*h + v*q - 58 = 0, -h + q + 2 = 4*q. Let w be 2*((-63)/(-6) - 2). Calculate the greatest common divisor of w and h.
17
Let m = -960 + 20977. Calculate the highest common divisor of 37 and m.
37
Let y = -16916 - -17296. What is the greatest common divisor of y and 10355?
95
Let b(a) = -21*a. Let p be b(-4). Suppose 4*m = -5*r + 37 + 31, -m = 2*r - 20. What is the highest common factor of p and m?
12
Suppose -16*c + 150 = -1338. Let q be 2 + 250 - (-2 + (2 - -4)). What is the highest common divisor of q and c?
31
Let z(i) = 66*i - 3. Let a(r) = -11*r - 21 + 8*r**2 + 1 + r**3 - r**2. Let b be a(-8). Let t be z(b). Calculate the highest common factor of t and 29.
29
Let y(r) = -r + 29. Let v = -435 - -441. Let k be y(v). Suppose -m - 4*q + 19 = 0, 4*q + 65 = 3*m - 8. Calculate the highest common factor of m and k.
23
Let f(y) = -14*y + 36. Let s be f(15). Let o be (s/30 - -5)*60/(-2). Calculate the highest common divisor of o and 84.
12
Suppose 35 + 25 = 5*a. Let p(m) = m**2 - 63*m - 1582. Let r be p(-20). Calculate the highest common divisor of a and r.
6
Suppose -256*s + 747338 + 121270 = 0. Calculate the greatest common divisor of 585 and s.
117
Let y = 19967 + -19805. Calculate the greatest common divisor of y and 29241.
81
Suppose -3 = -5*l + 12. Suppose 71*u = 64*u + 861. Calculate the greatest common factor of u and l.
3
Let f(n) = -45*n + 18. Let c be f(4). Let x = 242 - c. Let s be x - (3/(-1) + (-26)/(-13)). What is the highest common divisor of 45 and s?
45
Let b(y) = -y**3 - 36*y**2 - 235*y - 8. Let c be b(-8). Calculate the greatest common factor of c and 3940.
20
Let k be (883 - (2 - -5)) + 8. What is the greatest common divisor of k and 119?
17
Suppose -15 = 4*z + z. Let x be -7*((-18)/(-14) + z). Let m = 520 - 490. What is the highest common divisor of x and m?
6
Let l = 16700 - 16268. What is the highest common factor of 54 and l?
54
Let i = 411 + 106. Let r = i - 453. Calculate the highest common factor of r and 80.
16
Let d be (-1)/(-2) - (-3)/2. Let k be (-40)/(-12)*3/d. Let i(z) = 3*z**2 - 51*z + 199. Let b be i(6). Calculate the greatest common divisor of k and b.
1
Let c(v) = 3*v**3 - 116*v**2 - 37*v - 33. Let a be c(39). Suppose a*n + 13*n = 11020. Calculate the highest common factor of 10 and n.
10
Let d(l) = -l**2 - 5*l + 6. Let k be d(-7). Let t be -5*k/50 - 656/(-5). What is the highest common factor of t and 88?
44
Suppose -9*x - 27*x = -52*x + 13312. What is the greatest common factor of x and 156?
52
Suppose -2*x + 5*z + 8 = 0, 0 = -0*z + 4*z. Let v be ((-39)/12)/13 - (-101)/x. What is the greatest common divisor of 275 and v?
25
Let k be (1 - -8) + (-3 - 0). Suppose 7*n - 2*n - 1290 = h, 5*n - 1290 = -h. What is the greatest common factor of k and n?
6
Let k = -24 + 20. Let y be (-10)/(-15) + k/(-3). Suppose -9 = -50*c + 47*c. Calculate the greatest common divisor of c and y.
1
Suppose 5*d - 1149 + 1149 = 0. Let j be -2 + 162 - (0 - 1)*d. What is the highest common divisor of 5 and j?
5
Let d = -4 - -8. Suppose 5*x + 5*q = q + 308, d*q = -4*x + 248. Suppose 2*f + 6*r + 8 + 0 = 0, f + 12 = -4*r. Calculate the greatest common factor of x and f.
20
Let b be -2*(12 + -5)*2/(-7). Calculate the highest common divisor of b and 908.
4
Let g be (-320)/(-3)*(12 + -3)*121/33. What is the greatest common factor of g and 330?
110
Suppose 53*f - 54*f = -8. Suppose 13*s - 10 = f*s. Calculate the highest common factor of s and 1.
1
Suppose h - 1 = 0, 10*y + 5*h - 30 = 5*y. Let p(v) = -2*v + 12. Let x be p(4). Suppose 7*g + x = 9*g. Calculate the greatest common factor of g and y.
1
Let h(x) be the first derivative of 9*x**2 - 44*x + 60. Let r be h(5). Calculate the highest common divisor of r and 138.
46
Let t = 12984 + -12900. Calculate the greatest common factor of 308 and t.
28
Suppose -t = -2*l - 684, 2*t + 143*l = 145*l + 1360. Calculate the highest common divisor of t and 4.
4
Suppose 8*v - 77 = -21. Let l(o) = -3*o**2 + 35*o - 77. Let x be l(v). Suppose -3*y + 217 = -224. Calculate the highest common divisor of x and y.
21
Let b be -878*-8*7/(-224)*-14. Calculate the greatest common factor of 7 and b.
7
Let k(y) = 3*y - 11. Let s(a) = -2*a + 18. Let c be s(-25). Suppose 16*f = 20*f - c. Let u be k(f). What is the greatest common factor of u and 10?
10
Let g(p) = p**2 + 26*p + 172. Let v be g(-10). Calculate the highest common divisor of v and 206.
2
Suppose -144*h = -166*h + 1155 - 451. What is the highest common divisor of 15328 and h?
32
Let i(l) = -4*l + 72. Let b be ((-2)/(-3))/(((-6)/(-117))/(-2)). Let p be i(b). Calculate the highest common divisor of 11 and p.
11
Let k(t) = 155*t**2 + 61*t + 238. Let m be k(-10). Calculate the greatest common factor of 31 and m.
31
Suppose -q + 23 = 3*m, -22 = 3*q + 4*m - 106. Let c(y) = -10*y**3 + 2*y**2 - y - 3. Let w be c(-3). What is the highest common factor of q and w?
32
Let v(f) = 15*f - 7. Let o be v(3). Let n be 1/3 + ((-8002)/(-6) - 4). Suppose 3*u - n = -4*u. Calculate the greatest common divisor of o and u.
38
Let b be 6/(4*3/12). Let c(p) = -8*p**2 - 1081*p + 399. Let r be c(-135). Calculate the greatest common factor of b and r.
6
Let b = 198 - 240. Let c(a) = a**2 + 43*a + 68. Let f be c(b). Suppose 3*w = 5 + 1. What is the greatest common divisor 